3?
994
In base 4, what is -11012033 - -32311?
-10313122
In base 13, what is -115cb + 118?
-114b3
In base 9, what is -15107107 - -26?
-15107071
In base 5, what is 2112042 - -4310?
2121402
In base 7, what is -3 + -52504161?
-52504164
In base 4, what is -101 + -202131323?
-202132030
In base 13, what is -2 + 12b76075?
12b76073
In base 15, what is -44469 + -b?
-44475
In base 6, what is -32141 + 43514?
11333
In base 3, what is -212012002 - 202111?
-212221120
In base 3, what is 1110220 - 222022212?
-220211222
In base 7, what is 322 - -23331?
23653
In base 2, what is -11 - 1000101011101001101?
-1000101011101010000
In base 10, what is 88738 + 9?
88747
In base 5, what is 4 - 40301040?
-40301031
In base 16, what is 56aec + a?
56af6
In base 7, what is -6526235 + -103?
-6526341
In base 2, what is -10010101010101011100 + 10111010?
-10010101010010100010
In base 3, what is -21 - 102122122121?
-102122122212
In base 9, what is 20734556 - -2?
20734558
In base 14, what is -2c284 - 52b?
-2c7b1
In base 4, what is -2303 + 3113221?
3110312
In base 16, what is -39 + -3e2e1f?
-3e2e58
In base 16, what is -4 + 760000?
75fffc
In base 16, what is -7 + -236c48?
-236c4f
In base 7, what is -3 + 1451256420?
1451256414
In base 7, what is 114352511 + 1?
114352512
In base 14, what is 6 - -1c02222?
1c02228
In base 13, what is -14c - -c813?
c694
In base 7, what is -5 + 50312064?
50312056
In base 16, what is 4 - -66e769?
66e76d
In base 12, what is 915053 + 2?
915055
In base 7, what is 164641135 - 6?
164641126
In base 5, what is 314122341 - 1?
314122340
In base 13, what is 20aa7 + -87?
20a20
In base 9, what is -11 + -111814388?
-111814410
In base 6, what is -13311114 - 220?
-13311334
In base 13, what is 16ca28 - -3?
16ca2b
In base 7, what is 25514 + 30101?
55615
In base 3, what is -20011112 + 2202?
-20001210
In base 6, what is -1 - 3132421?
-3132422
In base 8, what is 54016 - 41?
53755
In base 3, what is 10011011 - 10200202?
-112121
In base 14, what is -3 - -2cd70d6?
2cd70d3
In base 4, what is 12212011110 - 102311?
12211302133
In base 12, what is -7643796 + -2?
-7643798
In base 6, what is 405152254 + -120?
405152134
In base 6, what is -14350 - -134?
-14212
In base 16, what is 10365b3 - -4?
10365b7
In base 5, what is 34041 - -100233?
134324
In base 12, what is -432622 + 4?
-43261a
In base 14, what is -1388 + -2ca89?
-30033
In base 13, what is 81ab1 - 139?
81975
In base 4, what is -302 + 222022231333?
222022231031
In base 3, what is 122 - 20111002021100?
-20111002020201
In base 16, what is -6fc2f36 - -7?
-6fc2f2f
In base 10, what is 299 - 643703?
-643404
In base 13, what is 14299 - -1b3a?
16106
In base 10, what is -14058 - 1739?
-15797
In base 13, what is 36ca7 - 32?
36c75
In base 14, what is -13 - -c3c73?
c3c60
In base 4, what is 100102 + 11011?
111113
In base 6, what is 5 + -12040242?
-12040233
In base 15, what is -9e9 - -5b2?
-437
In base 10, what is 15892942 + -3?
15892939
In base 6, what is -100420151 - 23?
-100420214
In base 8, what is -3 - -13335140?
13335135
In base 11, what is -17a298a99 - 5?
-17a298aa3
In base 6, what is -1042222312 + -2?
-1042222314
In base 15, what is 57469a7 + -4?
57469a3
In base 12, what is -1 - 8a22532?
-8a22533
In base 7, what is -12364243 - -1145?
-12363065
In base 9, what is 2000 + -73?
1816
In base 10, what is -64275512 + 0?
-64275512
In base 11, what is 85 - 6a574?
-6a49a
In base 6, what is 4405521 + -215?
4405302
In base 13, what is 41c304 + -61?
41c273
In base 2, what is 101011111100000 + -101111001?
101011001100111
In base 2, what is 1 - 100001010100110001100000011?
-100001010100110001100000010
In base 14, what is 3 + -1daad643?
-1daad640
In base 3, what is -1 + -2012011220210000?
-2012011220210001
In base 3, what is 22211002112220 + 1?
22211002112221
In base 8, what is -2 + 33737203?
33737201
In base 7, what is -3 - -200300600?
200300564
In base 13, what is -4235 + a41?
-34c4
In base 14, what is -95b - b53a?
-c097
In base 15, what is -97de - 364d?
-ce3c
In base 5, what is -10022 - 12311422?
-12321444
In base 11, what is -1 - -1763a765?
1763a764
In base 12, what is -558b + -b46?
-6515
In base 3, what is 120101211200 - -110201?
120102022101
In base 12, what is -b4a518 + 5b?
-b4a479
In base 7, what is 210 - 50442?
-50232
In base 13, what is ba60a2 - -7?
ba60a9
In base 15, what is -6 + -b6da22?
-b6da28
In base 12, what is -5084 - -15044?
bb80
In base 14, what is 8dd + -4065?
-3566
In base 2, what is -101100011001001111 - 1100?
-101100011001011011
In base 8, what is 3 - -6271023?
6271026
In base 14, what is 16904b4 + 9?
16904bd
In base 9, what is 7 + 326758?
326766
In base 2, what is -11110000101010100010 - -110000?
-11110000101001110010
In base 9, what is 37 - 13785684?
-13785646
In base 14, what is -3b - -12d62?
12d25
In base 9, what is -318177228 - -3?
-318177225
In base 12, what is -1aa37617 - 4?
-1aa3761b
In base 15, what is 19d2e - 61?
19cbd
In base 8, what is 434701066 - -1?
434701067
In base 3, what is -10210122200 - 220102?
-10211120002
In base 3, what is -2012020022222200 - 0?
-2012020022222200
In base 2, what is -11100100111100001100011111 + 1?
-11100100111100001100011110
In base 12, what is -7aa + 229a?
16b0
In base 14, what is -28 - 2539410?
-2539438
In base 14, what is 190da00 + -4?
190d9da
In base 16, what is 20c204 + -1?
20c203
In base 11, what is -464 - 8614?
-8a78
In base 12, what is 3409959 + 5?
3409962
In base 9, what is -123426068 - 0?
-123426068
In base 15, what is 133 - 191b6?
-19083
In base 15, what is -4 - -6729a8?
6729a4
In base 11, what is -512 - -17096?
16684
In base 2, what is 110101010100011 + 1110001010001?
1000011011110100
In base 16, what is 700aa - b?
7009f
In base 9, what is 57 + 307118?
307176
In base 10, what is -2221 - -14117?
11896
In base 13, what is -75 - -a0592?
a051a
In base 5, what is -330022312 - -33?
-330022224
In base 13, what is 40597308 - 0?
40597308
In base 5, what is -101123 - 121004?
-222132
In base 2, what is 0 - 1001100110000111010011?
-1001100110000111010011
In base 14, what is 4 - 3c3cadd?
-3c3cad9
In base 11, what is 2485609a - -6?
248560a5
In base 8, what is 42267157 + -40?
42267117
In base 6, what is 45 + 1024314434?
1024314523
In base 3, what is 110002212 - 20012101?
12220111
In base 3, what is 102102 - -100200100120?
100200202222
In base 2, what is 101111000110011111100 - 100101?
101111000110011010111
In base 7, what is -23660404214 + 0?
-23660404214
In base 9, what is 1 - 22772683?
-22772682
In base 2, what is 0 - -10011100101111101111110110?
10011100101111101111110110
In base 10, what is 16 + 67667?
67683
In base 10, what is -36172147 + -7?
-36172154
In base 5, what is -21343314213 + -4?
-21343314222
In base 8, what is 245745 + 243?
246210
In base 16, what is d + d1d15?
d1d22
In base 4, what is 302121220 + 1303?
302123123
In base 9, what is 2 - 11684836?
-11684834
In base 12, what is -811b7 - -23?
-81194
In base 9, what is 254 - -17622550?
17622814
In base 7, what is -653113506 - 0?
-653113506
In base 14, what is -99 + 1483b?
14782
In base 5, what is -23431040 - 244?
-23431334
In base 8, what is -221 - 7375066?
-7375307
In base 5, what is 12430030 + 1034?
12431114
In base 12, what is 3 + -5162a1?
-51629a
In base 12, what is 5 + 1b993098?
1b9930a1
In base 3, what is 201122220011110 - -12?
201122220011122
In base 15, what is -c14d1 + -4?
-c14d5
In base 5, what is 124020 - 222132?
-43112
In base 2, what is 0 - 1111010111011001?
-1111010111011001
In base 10, what is 7220253 - -5?
7220258
In base 2, what is 1001110110010010101110011011 + 10?
1001110110010010101110011101
In base 3, what is -11 + 10222010112122?
10222010112111
In base 13, what is -275 + -83165?
-8340a
In base 2, what is -10100 + -1010011100000?
-1010011110100
In base 9, what is -5012 - -12220?
6207
In base 13, what is -5253 + -bb0?
-6133
In base 10, what is -1 + -34711?
-34712
In base 5, what is -4 + -1030244213?
-1030244222
In base 3, what is -120 - 1210220112201?
-1210220120021
In base 8, what is 1151 + -302302?
-301131
In base 11, what is -6 - 16a4431?
-16a4437
In base 10, what is -1539425 - -10?
-1539415
In base 15, what is -4 + 17b2c4?
17b2c0
In base 10, what is 607933 - 2?
607931
In base 4, what is 120101 - 12032?
102003
In base 3, what is 2222022010 + 20001?
2222112011
In base 7, what is 255634 - -24306?
313243
In ba